{"id":2321,"date":"2023-12-08T16:40:27","date_gmt":"2023-12-08T15:40:27","guid":{"rendered":"https:\/\/santa-barbara-anna.de\/?post_type=vereinsmitteilung&#038;p=2321"},"modified":"2024-02-24T16:41:01","modified_gmt":"2024-02-24T15:41:01","slug":"weihnachtsansprache-von-skipper-peter-mai","status":"publish","type":"vereinsmitteilung","link":"https:\/\/santa-barbara-anna.de\/en\/vereinsmitteilung\/weihnachtsansprache-von-skipper-peter-mai\/","title":{"rendered":"Weihnachtsansprache von Skipper Peter Mai"},"content":{"rendered":"<p>Liebe Vereinsmitglieder,<\/p>\n\n\n\n<p>alle Jahre wieder treffen wir uns in der Vorweihnachtszeit, um in gem\u00fctlicher Runde auf die vergangene Saison zur\u00fcckzublicken und das Jahr zu beschlie\u00dfen.<\/p>\n\n\n\n<p>Zum zweiten Mal sind wir hier in diesen netten R\u00e4umlichkeiten, vielen Dank an Ben und Louisa und besonders auch an Stanislaus und sein kleines Team, das flei\u00dfig das Drumherum organisiert und mit Kaffee, Kuchen und Keksen oder auch Gl\u00fchwein f\u00fcr das erste leibliche Wohl sorgt. Sp\u00e4ter gibt es noch ein leckeres Essen mit dem ein oder anderen Kaltgetr\u00e4nk.<\/p>\n\n\n\n<p>Wo fange ich mit dem R\u00fcckblick am besten an?<\/p>\n\n\n\n<p>Im Fr\u00fchjahr hatten wir eine Ver\u00e4nderung im personellen Bereich. Unser langj\u00e4hriger Chief f\u00fcr die Maschine hat die Verantwortung in j\u00fcngere H\u00e4nde \u00fcbertragen. Mein lieber Ralf, herzlichen Dank f\u00fcr die 20 Jahre als Leitender im Maschinenbereich. Deine Kenntnisse und Erfahrungen aus deinem langen Berufsleben an Bord verschiedener Schiffe konntest du auf unserem Schiff hervorragend einbringen. Mit ruhiger Hand hast du \u00fcber all die Jahre den Abschnitt gef\u00fchrt und gepr\u00e4gt. Nun sind die J\u00fcngeren dran und Achim als neuer Leiter hat bereits ordentlich losgelegt.<\/p>\n\n\n\n<p>Wenn ihr euch hier so umschaut, werdet ihr einige neue Gesichter sehen. Ich bin sehr froh, dass es uns immer wieder gelingt, neue Mitglieder f\u00fcr unser gemeinsames Hobby zu begeistern. Ich blicke mal in die Runde: unsere letzten Neuzug\u00e4nge \u2013 Christin, Hermann und Christian \u2013 haben sich schon sehr bei den Winterarbeiten engagiert. Herzlich willkommen, auch noch mal in diesem Kreis.<\/p>\n\n\n\n<p>Bevor wir in eine neue Segelsaison starten k\u00f6nnen, steht nat\u00fcrlich immer erst einmal die Wartung, Pflege und Instandsetzung an. Zum Jahresbeginn gab es noch die gro\u00dfen Baustellen Maschinenraumbel\u00fcftung, Runderneuerung der Komb\u00fcse und neuer Decksbelag f\u00fcr das Kartenhausdach. Alle drei Ma\u00dfnahmen waren zum Saisonbeginn abgeschlossen und sind sehr gelungen. Hier geht mein Dank an J\u00f6rg, Gisbert und Achim f\u00fcr die Umsetzung und Koordinierung der Arbeiten.<\/p>\n\n\n\n<p>Aber auch w\u00e4hrend der Saison gibt es nat\u00fcrlich immer etwas zu tun.<\/p>\n\n\n\n<p>Neben kleineren Arbeiten mussten in der laufenden Saison die Gaffeln am Besan- und am Gro\u00dfmast ausgetauscht werden. Holz h\u00e4lt halt nicht ewig. Die Untermarsrah hat mittlerweile auch ausgedient und muss diesen Winter komplett neu gefertigt werden. Sie ist bereits demontiert und J\u00f6rg wartet auf das passende Angebot seiner favorisierten Werft. Wenn die Rah bis Ende Mai \/ Anfang Juni wieder montiert werden kann, w\u00e4re das eine tolle Sache. Bis dahin takeln wir alles auf und fahren zun\u00e4chst als Gaffelsegler.<\/p>\n\n\n\n<p>Zum Ende unserer Segelsaison haben wir die f\u00e4llige Zwischenbesichtigung durch unsere Aufsichtsbeh\u00f6rde, der BG-Verkehr, ohne Beanstandungen \u00fcberstanden und sind direkt mit den Winterarbeiten angefangen. An Projekten konnten mittlerweile bereits abgeschlossen werden: eine Reparatur an der Abgasanlage f\u00fcr den Hauptmotor sowie der Wechsel der bordeigenen Heizungsanlage. Seit gestern Abend 18:30 Uhr wird wieder geheizt und warmes Wasser gibt es auch.<\/p>\n\n\n\n<p>Auftakeln und Abtakeln sind unsere Routinearbeiten, die in den H\u00e4nden von Heinz, Erwin, Uwe, Henry und Rainer General bestens aufgehoben sind. Alle anderen, die zum Thema Takelage etwas lernen, die Kenntnisse vertiefen oder erstmal nur mit anfassen m\u00f6chten, sind hier an der richtigen Adresse.<\/p>\n\n\n\n<p>In den letzten Tagen vor der Weihnachtspause werden noch ein paar Restarbeiten erledigt und die ersten Ma\u00dfnahmen zur Wartung des Hauptmotors angefangen. Die Weihnachtspause beginnt am Do., den 21. Dezember. In Gro\u00dfer Runde treffen wir uns wieder am Dienstag, den 9. Januar zur gewohnten Zeit an Bord oder in der Werkstatt.<\/p>\n\n\n\n<p>Soweit zum Thema Arbeiten am und f\u00fcr das Schiff. Ausfahrten hatten wir auch, und die nicht zu knapp.<\/p>\n\n\n\n<p>Nach einer 3 Tagesfahrt mit unserem Eigner, den \u00fcblichen Fahrten vor Warnem\u00fcnde, der Kieler Woche und den Sail-Veranstaltungen, stand endlich mal wieder eine Langfahrt auf dem Programm. Die Reise nach Klaipeda war f\u00fcr alle recht anstrengend, aber auch erlebnis- und lehrreich. Ob wir n\u00e4chstes Jahr nochmal hinfahren, h\u00e4ngt von den Rahmenbedingungen vor Ort und unseren Kapazit\u00e4ten ab.<\/p>\n\n\n\n<p>Mit dem Blick auf die n\u00e4chste Saison kommen wieder anspruchsvolle Sommermonate auf uns zu. Nach Kieler Woche und Hanse Sail hat Olaf im direkten Anschluss der kleinen Sail in Sassnitz noch einen Besuch in Danzig in der Planung.<\/p>\n\n\n\n<p>Die Termine werden wir m\u00f6glichst bald im T\u00f6rnplan ver\u00f6ffentlichen. Mein Ziel ist, die Mindestbesatzung f\u00fcr die ausw\u00e4rtigen Fahrten m\u00f6glichst fr\u00fch verbindlich zusammenzustellen und Planungssicherheit f\u00fcr alle Beteiligten zu haben.<\/p>\n\n\n\n<p>Was gibt es noch an Neuigkeiten? Micha und ein kleines Team arbeiten an einem neuen Internetauftritt. Die Homepage wird moderner und den neuen Trends angepasst, die Funktionen f\u00fcr den T\u00f6rnplan werden aber so bleiben wie bisher.<\/p>\n\n\n\n<p>Die Ausbildung beginne ich wieder Ende M\u00e4rz \/ Anfang April, sodass wir rechtzeitig zu den beiden Ausbildungsfahrten am 4. und 5. Mai grundlegende Kenntnisse haben. An diesen beiden Tagen werden wir die Betriebsabl\u00e4ufe vertiefen und auffrischen. F\u00fcr die Trainees w\u00e4chst die notwendige Sicherheit dann immer mehr bei den Ausfahrten.<\/p>\n\n\n\n<p>Bevor wir zum gem\u00fctlichen Teil \u00fcbergehen, m\u00f6chte ich neben den Projektleitern all denen danken, die ich nicht namentlich erw\u00e4hnt habe, die aber unerm\u00fcdlich sowohl im Vordergrund als auch im Hintergrund unverzichtbare Arbeit leisten. Sei es im Vorstand, in der Komb\u00fcse, an Deck, in der Maschine oder in der Navigation. Es ist eine gro\u00dfartige Gemeinschaftsleistung, unseren Segler in Fahrt zu halten und trotz immensem Aufwand weiterhin Spa\u00df und Freude bei den Ausfahrten und auch in der G\u00e4stebetreuung zu haben.<\/p>\n\n\n\n<p>Ich w\u00fcnsche allen Frohe Weihnachten und f\u00fcr das Jahr 2024 alles Gute.<\/p>","protected":false},"template":"","class_list":["post-2321","vereinsmitteilung","type-vereinsmitteilung","status-publish","hentry"],"_links":{"self":[{"href":"https:\/\/santa-barbara-anna.de\/en\/wp-json\/wp\/v2\/vereinsmitteilung\/2321","targetHints":{"allow":["GET"]}}],"collection":[{"href":"https:\/\/santa-barbara-anna.de\/en\/wp-json\/wp\/v2\/vereinsmitteilung"}],"about":[{"href":"https:\/\/santa-barbara-anna.de\/en\/wp-json\/wp\/v2\/types\/vereinsmitteilung"}],"wp:attachment":[{"href":"https:\/\/santa-barbara-anna.de\/en\/wp-json\/wp\/v2\/media?parent=2321"}],"curies":[{"name":"wp","href":"https:\/\/api.w.org\/{rel}","templated":true}]}}

<p>Liebe Vereinsmitglieder,</p>



<p>alle Jahre wieder treffen wir uns in der Vorweihnachtszeit, um in gemütlicher Runde auf die vergangene Saison zurückzublicken und das Jahr zu beschließen.</p>



<p>Zum zweiten Mal sind wir hier in diesen netten Räumlichkeiten, vielen Dank an Ben und Louisa und besonders auch an Stanislaus und sein kleines Team, das fleißig das Drumherum organisiert und mit Kaffee, Kuchen und Keksen oder auch Glühwein für das erste leibliche Wohl sorgt. Später gibt es noch ein leckeres Essen mit dem ein oder anderen Kaltgetränk.</p>



<p>Wo fange ich mit dem Rückblick am besten an?</p>



<p>Im Frühjahr hatten wir eine Veränderung im personellen Bereich. Unser langjähriger Chief für die Maschine hat die Verantwortung in jüngere Hände übertragen. Mein lieber Ralf, herzlichen Dank für die 20 Jahre als Leitender im Maschinenbereich. Deine Kenntnisse und Erfahrungen aus deinem langen Berufsleben an Bord verschiedener Schiffe konntest du auf unserem Schiff hervorragend einbringen. Mit ruhiger Hand hast du über all die Jahre den Abschnitt geführt und geprägt. Nun sind die Jüngeren dran und Achim als neuer Leiter hat bereits ordentlich losgelegt.</p>



<p>Wenn ihr euch hier so umschaut, werdet ihr einige neue Gesichter sehen. Ich bin sehr froh, dass es uns immer wieder gelingt, neue Mitglieder für unser gemeinsames Hobby zu begeistern. Ich blicke mal in die Runde: unsere letzten Neuzugänge – Christin, Hermann und Christian – haben sich schon sehr bei den Winterarbeiten engagiert. Herzlich willkommen, auch noch mal in diesem Kreis.</p>



<p>Bevor wir in eine neue Segelsaison starten können, steht natürlich immer erst einmal die Wartung, Pflege und Instandsetzung an. Zum Jahresbeginn gab es noch die großen Baustellen Maschinenraumbelüftung, Runderneuerung der Kombüse und neuer Decksbelag für das Kartenhausdach. Alle drei Maßnahmen waren zum Saisonbeginn abgeschlossen und sind sehr gelungen. Hier geht mein Dank an Jörg, Gisbert und Achim für die Umsetzung und Koordinierung der Arbeiten.</p>



<p>Aber auch während der Saison gibt es natürlich immer etwas zu tun.</p>



<p>Neben kleineren Arbeiten mussten in der laufenden Saison die Gaffeln am Besan- und am Großmast ausgetauscht werden. Holz hält halt nicht ewig. Die Untermarsrah hat mittlerweile auch ausgedient und muss diesen Winter komplett neu gefertigt werden. Sie ist bereits demontiert und Jörg wartet auf das passende Angebot seiner favorisierten Werft. Wenn die Rah bis Ende Mai / Anfang Juni wieder montiert werden kann, wäre das eine tolle Sache. Bis dahin takeln wir alles auf und fahren zunächst als Gaffelsegler.</p>



<p>Zum Ende unserer Segelsaison haben wir die fällige Zwischenbesichtigung durch unsere Aufsichtsbehörde, der BG-Verkehr, ohne Beanstandungen überstanden und sind direkt mit den Winterarbeiten angefangen. An Projekten konnten mittlerweile bereits abgeschlossen werden: eine Reparatur an der Abgasanlage für den Hauptmotor sowie der Wechsel der bordeigenen Heizungsanlage. Seit gestern Abend 18:30 Uhr wird wieder geheizt und warmes Wasser gibt es auch.</p>



<p>Auftakeln und Abtakeln sind unsere Routinearbeiten, die in den Händen von Heinz, Erwin, Uwe, Henry und Rainer General bestens aufgehoben sind. Alle anderen, die zum Thema Takelage etwas lernen, die Kenntnisse vertiefen oder erstmal nur mit anfassen möchten, sind hier an der richtigen Adresse.</p>



<p>In den letzten Tagen vor der Weihnachtspause werden noch ein paar Restarbeiten erledigt und die ersten Maßnahmen zur Wartung des Hauptmotors angefangen. Die Weihnachtspause beginnt am Do., den 21. Dezember. In Großer Runde treffen wir uns wieder am Dienstag, den 9. Januar zur gewohnten Zeit an Bord oder in der Werkstatt.</p>



<p>Soweit zum Thema Arbeiten am und für das Schiff. Ausfahrten hatten wir auch, und die nicht zu knapp.</p>



<p>Nach einer 3 Tagesfahrt mit unserem Eigner, den üblichen Fahrten vor Warnemünde, der Kieler Woche und den Sail-Veranstaltungen, stand endlich mal wieder eine Langfahrt auf dem Programm. Die Reise nach Klaipeda war für alle recht anstrengend, aber auch erlebnis- und lehrreich. Ob wir nächstes Jahr nochmal hinfahren, hängt von den Rahmenbedingungen vor Ort und unseren Kapazitäten ab.</p>



<p>Mit dem Blick auf die nächste Saison kommen wieder anspruchsvolle Sommermonate auf uns zu. Nach Kieler Woche und Hanse Sail hat Olaf im direkten Anschluss der kleinen Sail in Sassnitz noch einen Besuch in Danzig in der Planung.</p>



<p>Die Termine werden wir möglichst bald im Törnplan veröffentlichen. Mein Ziel ist, die Mindestbesatzung für die auswärtigen Fahrten möglichst früh verbindlich zusammenzustellen und Planungssicherheit für alle Beteiligten zu haben.</p>



<p>Was gibt es noch an Neuigkeiten? Micha und ein kleines Team arbeiten an einem neuen Internetauftritt. Die Homepage wird moderner und den neuen Trends angepasst, die Funktionen für den Törnplan werden aber so bleiben wie bisher.</p>



<p>Die Ausbildung beginne ich wieder Ende März / Anfang April, sodass wir rechtzeitig zu den beiden Ausbildungsfahrten am 4. und 5. Mai grundlegende Kenntnisse haben. An diesen beiden Tagen werden wir die Betriebsabläufe vertiefen und auffrischen. Für die Trainees wächst die notwendige Sicherheit dann immer mehr bei den Ausfahrten.</p>



<p>Bevor wir zum gemütlichen Teil übergehen, möchte ich neben den Projektleitern all denen danken, die ich nicht namentlich erwähnt habe, die aber unermüdlich sowohl im Vordergrund als auch im Hintergrund unverzichtbare Arbeit leisten. Sei es im Vorstand, in der Kombüse, an Deck, in der Maschine oder in der Navigation. Es ist eine großartige Gemeinschaftsleistung, unseren Segler in Fahrt zu halten und trotz immensem Aufwand weiterhin Spaß und Freude bei den Ausfahrten und auch in der Gästebetreuung zu haben.</p>



<p>Ich wünsche allen Frohe Weihnachten und für das Jahr 2024 alles Gute.</p>
